ivided by 65?
62
Calculate the remainder when 3649 is divided by 126.
121
What is the remainder when 1595 is divided by 34?
31
Calculate the remainder when 440 is divided by 9.
8
What is the remainder when 595 is divided by 46?
43
What is the remainder when 71 is divided by 58?
13
Calculate the remainder when 399 is divided by 50.
49
What is the remainder when 3946 is divided by 304?
298
Calculate the remainder when 646 is divided by 188.
82
Calculate the remainder when 5933 is divided by 22.
15
What is the remainder when 8 is divided by 4?
0
What is the remainder when 153 is divided by 65?
23
Calculate the remainder when 2267 is divided by 286.
265
Calculate the remainder when 814 is divided by 118.
106
Calculate the remainder when 238 is divided by 11.
7
What is the remainder when 237 is divided by 234?
3
What is the remainder when 252 is divided by 65?
57
Calculate the remainder when 1101 is divided by 6.
3
Calculate the remainder when 139 is divided by 53.
33
What is the remainder when 42 is divided by 15?
12
Calculate the remainder when 113 is divided by 13.
9
Calculate the remainder when 289 is divided by 157.
132
Calculate the remainder when 44 is divided by 3.
2
Calculate the remainder when 172 is divided by 155.
17
Calculate the remainder when 24 is divided by 11.
2
What is the remainder when 119 is divided by 5?
4
Calculate the remainder when 2428 is divided by 8.
4
What is the remainder when 430 is divided by 3?
1
What is the remainder when 2575 is divided by 8?
7
Calculate the remainder when 307 is divided by 141.
25
Calculate the remainder when 362 is divided by 117.
11
What is the remainder when 452 is divided by 142?
26
Calculate the remainder when 1742 is divided by 169.
52
What is the remainder when 157 is divided by 41?
34
What is the remainder when 491 is divided by 15?
11
Calculate the remainder when 132 is divided by 16.
4
What is the remainder when 919 is divided by 306?
1
What is the remainder when 415 is divided by 142?
131
Calculate the remainder when 1030 is divided by 12.
10
What is the remainder when 1011 is divided by 10?
1
Calculate the remainder when 11139 is divided by 11.
7
What is the remainder when 8847 is divided by 53?
49
What is the remainder when 3178 is divided by 397?
2
Calculate the remainder when 746 is divided by 124.
2
What is the remainder when 774 is divided by 201?
171
What is the remainder when 903 is divided by 894?
9
What is the remainder when 2248 is divided by 448?
8
What is the remainder when 191 is divided by 39?
35
Calculate the remainder when 7647 is divided by 15.
12
What is the remainder when 457 is divided by 13?
2
Calculate the remainder when 76 is divided by 7.
6
Calculate the remainder when 9939 is divided by 14.
13
Calculate the remainder when 728 is divided by 691.
37
Calculate the remainder when 2992 is divided by 120.
112
Calculate the remainder when 262 is divided by 55.
42
Calculate the remainder when 234 is divided by 54.
18
Calculate the remainder when 80 is divided by 28.
24
Calculate the remainder when 39 is divided by 28.
11
What is the remainder when 573 is divided by 6?
3
What is the remainder when 241 is divided by 68?
37
Calculate the remainder when 122 is divided by 49.
24
Calculate the remainder when 131 is divided by 40.
11
What is the remainder when 33 is divided by 22?
11
What is the remainder when 98 is divided by 34?
30
Calculate the remainder when 4414 is divided by 23.
21
What is the remainder when 480 is divided by 7?
4
Calculate the remainder when 616 is divided by 161.
133
Calculate the remainder when 543 is divided by 37.
25
Calculate the remainder when 5603 is divided by 312.
299
What is the remainder when 680 is divided by 39?
17
What is the remainder when 376 is divided by 126?
124
Calculate the remainder when 66 is divided by 50.
16
What is the remainder when 454 is divided by 67?
52
Calculate the remainder when 561 is divided by 176.
33
What is the remainder when 1340 is divided by 331?
16
What is the remainder when 258 is divided by 26?
24
Calculate the remainder when 186 is divided by 29.
12
What is the remainder when 37 is divided by 17?
3
What is the remainder when 131 is divided by 67?
64
Calculate the remainder when 551 is divided by 278.
273
What is the remainder when 96 is divided by 29?
9
Calculate the remainder when 294 is divided by 27.
24
What is the remainder when 52 is divided by 12?
4
Calculate the remainder when 77 is divided by 49.
28
What is the remainder when 154 is divided by 47?
13
What is the remainder when 290 is divided by 92?
14
Calculate the remainder when 5790 is divided by 16.
14
Calculate the remainder when 669 is divided by 156.
45
Calculate the remainder when 76 is divided by 8.
4
Calculate the remainder when 64438 is divided by 180.
178
What is the remainder when 1663 is divided by 13?
12
Calculate the remainder when 74 is divided by 9.
2
Calculate the remainder when 544 is divided by 14.
12
Calculate the remainder when 914 is divided by 15.
14
Calculate the remainder when 81 is divided by 11.
4
Calculate the remainder when 1367 is divided by 191.
30
Calculate the remainder when 611 is divided by 24.
11
What is the remainder when 341 is divided by 69?
65
What is the remainder when 550 is divided by 79?
76
Calculate the remainder when 619 is divided by 31.
30
Calculate the remainder when 200 is divided by 59.
23
What is the remainder when 123 is divided by 22?
13
What is the remainder when 138 is divided by 4?
2
What is the remainder when 183 is divided by 132?
51
What is the remainder when 1258 is divided by 35?
33
Calculate the remainder when 28 is divided by 9.
1
Calculate the remainder when 333 is divided by 18.
9
What is the remainder when 48 is divided by 21?
6
Calculate the remainder when 305 is divided by 76.
1
What is the remainder when 703 is divided by 44?
43
Calculate the remainder when 10628 is divided by 10.
8
Calculate the remainder when 238 is divided by 41.
33
Calculate the remainder when 3755 is divided by 1250.
5
Calculate the remainder when 128 is divided by 13.
11
What is the remainder when 37 is divided by 13?
11
What is the remainder when 3679 is divided by 115?
114
Calculate the remainder when 1140 is divided by 564.
12
Calculate the remainder when 1333 is divided by 15.
13
What is the remainder when 241 is divided by 27?
25
Calculate the remainder when 1010 is divided by 22.
20
What is the remainder when 13394 is divided by 4463?
5
What is the remainder when 210 is divided by 34?
6
What is the remainder when 268 is divided by 107?
54
What is the remainder when 177 is divided by 28?
9
Calculate the remainder when 598 is divided by 50.
48
Calculate the remainder when 791 is divided by 44.
43
Calculate the remainder when 176 is divided by 58.
2
What is the remainder when 548 is divided by 29?
26
Calculate the remainder when 1534 is divided by 1415.
119
What is the remainder when 12 is divided by 7?
5
What is the remainder when 52 is divided by 7?
3
Calculate the remainder when 191 is divided by 3.
2
Calculate the remainder when 904 is divided by 189.
148
Calculate the remainder when 369 is divided by 80.
49
What is the remainder when 837 is divided by 43?
20
What is the remainder when 33 is divided by 33?
0
Calculate the remainder when 63 is divided by 21.
0
Calculate the remainder when 86 is divided by 33.
20
What is the remainder when 225 is divided by 203?
22
Calculate the remainder when 1026 is divided by 260.
246
What is the remainder when 466 is divided by 36?
34
Calculate the remainder when 2135 is divided by 708.
11
Calculate the remainder when 336 is divided by 86.
78
Calculate the remainder when 8504 is divided by 135.
134
Calculate the remainder when 1863 is divided by 233.
232
What is the remainder when 128 is divided by 43?
42
Calculate the remainder when 1563 is divided by 582.
399
What is the remainder when 225 is divided by 47?
37
Calculate the remainder when 13379 is divided by 60.
59
Calculate the remainder when 238 is divided by 65.
43
Calculate the remainder when 353 is divided by 15.
8
Calculate the remainder when 1986 is divided by 111.
99
What is the remainder when 450 is divided by 398?
52
What is the remainder when 65 is divided by 65?
0
What is the remainder when 195